. Let y(v) = 2*v - 6. What is the remainder when y(8) is divided by q(1)?
1
Let g = 904 + -609. Calculate the remainder when g is divided by 62.
47
Let f(d) = 4*d**3 - 17*d**2 + 3*d + 124. Let p = -7 - -28. What is the remainder when f(0) is divided by p?
19
Let m(b) = -b - 5. Let f(a) = -2*a - 3. Let z be f(3). Let s be m(z). Suppose s*t + 95 = 231. What is the remainder when t is divided by 9?
7
Let w(x) = -x**3 - 3*x**2 - x - 3. Let u be w(-3). What is the remainder when 17 - (-3 - (-3 - u/3)) is divided by 7?
3
Let f be (5 + -3 - -4) + -4. Suppose -3*o + 4 = 2*d - 3, -d + 4*o = f. What is the remainder when 5 is divided by d?
1
Suppose 70 = 204*i - 199*i. What is the remainder when 68 is divided by i?
12
Suppose -2*d - 5*o - 82 = 0, 0 = -4*d + 2*d - 3*o - 78. Let i = -22 - d. Calculate the remainder when 27 is divided by i.
13
Let k(r) = -6*r**3 - 1. Let c be k(1). Suppose 10*z = 6*z + 204. What is the remainder when z is divided by (1 + c)/((-4)/12)?
15
What is the remainder when (-1 - -10)*(9 + -21 - -39) is divided by 116?
11
Let x(l) = 17*l**2 + 2*l + 29. Calculate the remainder when 318 is divided by x(0).
28
Let y be -8 + 4 + 5 + 1. Suppose 0 = -4*v + 5*k - 73 + 201, y*k - 119 = -3*v. What is the remainder when 109 is divided by v?
35
Let o(d) = d**3 + 17*d**2 + 13*d + 2. What is the remainder when o(-16) is divided by (-279)/(-21) - (-4)/(-14)?
11
Suppose -5*y = -4*g + 3*g - 23, 4*g + 4*y + 44 = 0. Let v be g/39*3*-3. Suppose 20 = -v*b + 8*b. Calculate the remainder when 8 is divided by b.
0
Suppose -5*d + 2*w + 283 = 156, 121 = 5*d - w. Calculate the remainder when d is divided by (0 - (-18)/8)*4.
5
Suppose -n - 2*n + 42 = 0. Suppose n + 70 = -4*p. Let v = -12 - p. Calculate the remainder when v is divided by 6.
3
Let u = 2412 - 938. What is the remainder when u is divided by 41?
39
Let s = 751 + -730. What is the remainder when 104 is divided by s?
20
Let g = -46 + 70. Suppose -4*b + 558 = 2*b. Calculate the remainder when b is divided by g.
21
Suppose -15*c = -2*c + 780. Let y = c - -76. What is the remainder when 27 is divided by y?
11
Let n = 13 - 9. Suppose -n*z - o + 52 = 0, -5*o + 56 = 2*z + 12. Calculate the remainder when 47 is divided by z.
11
Suppose 124*i = w + 126*i - 8, -5*w = -2*i - 16. Let n = 29 + -18. What is the remainder when n is divided by w?
3
Let d = 1198 - 1149. What is the remainder when 1126 is divided by d?
48
Let t be (0 + 1)*(13 - 5 - 2). Calculate the remainder when 34 is divided by 12/(-4)*(-10)/t.
4
Let p = -10 + 34. Suppose -4*u - 2*k = -105 - 283, 0 = -5*u - 2*k + 483. Calculate the remainder when u is divided by p.
23
Suppose r + 0*r - 1 = 0. Suppose 2*t + 2 = 4*m, 5*t - 9 = -3*m - r. Suppose -6*f + 125 = 4*f + 15*f. What is the remainder when f is divided by m?
0
Suppose -3*n - 2*s + 54 = 0, n = s + 23 - 0. What is the remainder when n is divided by 2/3 - (-32)/6?
2
Suppose 30*b - 28 = 28*b. Let z = 180 + -114. Calculate the remainder when z is divided by b.
10
Suppose 27 + 1 = 2*j. What is the remainder when j is divided by (-15)/10 - 22/(-4)?
2
Let p = -1411 - -1375. Let l be -2*(0 - 30/(-4)). Let u = l - p. What is the remainder when 39 is divided by u?
18
Let r(s) = s**2 - 2*s - 2. Let v(x) = 3*x**2 + 26*x + 42. What is the remainder when v(-9) is divided by r(-3)?
12
Suppose 218*n - 216 = 216*n. Calculate the remainder when n is divided by 30.
18
Let k(z) be the second derivative of 5*z**4/6 - z**3/6 + z**2/2 + z. Let b = -165 - -166. What is the remainder when 19 is divided by k(b)?
9
Let j = -2786 - -2856. Calculate the remainder when 1468 is divided by j.
68
Suppose s + 4*s = 250. Suppose -4*d = t - 48, -2*d + 6*d = 5*t + 72. Calculate the remainder when s is divided by d.
11
Suppose 3*j - 17 = 2*a, -3*j - 2*a = a - 12. Suppose 3 = -i + 15. What is the remainder when i is divided by j?
2
Let c(j) = 2*j**2 + j + 1. Suppose 4*t + 10 = -2*k, k + 0*t + 6 = -3*t. What is the remainder when c(-2) is divided by (13 + k)*(-1)/(-2)?
2
Let s(i) = 5*i**2 - 20*i - 12. Calculate the remainder when s(-5) is divided by 11.
4
Let v(o) = -o**3 - 5*o**2 - o - 1. Let b be -1 + -3 + 1 - -35. Let z = 27 - b. Calculate the remainder when 9 is divided by v(z).
1
Calculate the remainder when 82 is divided by (12/14)/(-3) + 7696/182.
40
Let l = 96 - 65. What is the remainder when 81 is divided by l?
19
Let o(p) = 1 - 1 + 13*p - 1. Let f(q) = -3*q + 66. What is the remainder when f(15) is divided by o(1)?
9
Let z(w) = w**2 + 8*w + 10. Let x be z(-7). Let t(j) = -j**3 - 2*j**2 - 2*j + 11. Calculate the remainder when t(-3) is divided by (1/x)/((-2)/(-42)).
5
Let j(v) = 2*v**3 - 4*v**2 - 8*v + 13. Suppose -48 = -i - i. Calculate the remainder when j(4) is divided by i.
21
Let b(m) = -25*m - 187. Calculate the remainder when b(-13) is divided by 18.
12
Let i = -81 + 97. What is the remainder when 334 is divided by i?
14
Suppose -2*z - 4 + 84 = 0. Suppose 3*w - 70 = 287. What is the remainder when w is divided by z?
39
Suppose 0 = 2*w + 170 - 22. Let y = w + 113. What is the remainder when 152 is divided by y?
35
Let g be 652/(-18) - (-6)/27. What is the remainder when 66 is divided by 74/4 - (-54)/g?
15
Let s = 385 - 113. What is the remainder when s is divided by 12?
8
Let d = -26 + 26. Suppose d = -p - 3*p + 80. Suppose 0 = 3*y - 7*y + 2*s + 228, -y + 57 = 5*s. What is the remainder when y is divided by p?
17
Let m(d) = -7 - 7*d + 13*d + d. Calculate the remainder when m(4) is divided by 6.
3
Let x(g) = -g**3 - 20*g**2 + 23*g + 48. Calculate the remainder when 64 is divided by x(-21).
4
Let p be (-17)/(-4) - (-10)/(-40). Suppose 4*j = -l - 17 + p, -l + 32 = -5*j. Let i = l - 0. What is the remainder when 13 is divided by i?
6
Suppose 5*x - 245 = -5*h, -3*x + 8*h + 163 = 3*h. Suppose 2*j = j + x. What is the remainder when j is divided by 11?
7
Let u = -19 - -15. Let a = 286 + -183. What is the remainder when a is divided by 26 + 0*u/8?
25
Suppose -10*j + 242 - 62 = 0. What is the remainder when 265 is divided by j?
13
Suppose 6*h + 14 = -h. What is the remainder when (h + (-14)/(-3))/(2/12) is divided by 9?
7
Let l(z) = -z + 8 - 1 + 2. Calculate the remainder when 23 is divided by l(-4).
10
Calculate the remainder when 101 is divided by 36 - (-1 - (-4 + -7)).
23
Let t(y) be the third derivative of y**5/20 - y**4/24 + 3*y**3/2 - 3*y**2. What is the remainder when t(-3) is divided by 11?
6
Suppose 3*s - 4 = -5*g, -5*g + 5*s + 12 = -4*g. Suppose 0 = -4*n + 5*j + 1053, 3*n + 192 = g*j + 987. What is the remainder when n/21 + 4/14 is divided by 7?
6
Suppose 11*k - 43 + 329 = 0. Let w = k - -46. What is the remainder when 56 is divided by w?
16
Let k = 155 + -128. What is the remainder when 34 is divided by k?
7
Suppose 413 = 3*u + 2*r, 8*u = 10*u + 5*r - 279. What is the remainder when u is divided by 16?
9
Let g = -35 - 3. Let r = g + 52. What is the remainder when 26 is divided by r?
12
Let r = -1 - -15. Suppose 5 = -3*k + r. Suppose -10 = -5*d, -k*d = 2*x + 40 - 116. What is the remainder when 102 is divided by x?
32
Let v = 51 + -47. What is the remainder when 21 is divided by (-341)/(-55) - v/(-5)?
0
Let b = 5 + 10. Let g = -6 - -11. Suppose g*p - 126 = 2*p. Calculate the remainder when p is divided by b.
12
Suppose 5*x - 384 + 59 = 0. Suppose -151 = -3*s - 130. Suppose 2*f = s*f - x. Calculate the remainder when 49 is divided by f.
10
Suppose 3*k + 2*d = 4*k - 76, 4*d - 218 = -3*k. What is the remainder when k is divided by 5?
4
Let j(b) = b**3 - 9*b**2 - 10*b. Let i be j(10). Suppose 6*t - t - 870 = i. Calculate the remainder when t is divided by 35.
34
Suppose -15*k + 2295 = 12*k. What is the remainder when k is divided by 18?
13
Let o be 12/(-9)*3/(-2). What is the remainder when -102*o/5*15/(-18) is divided by 12?
10
Let j = 68 - 45. Suppose 7 = -i + 5*a + j, -3*i - 12 = 5*a. Let p = 17 + i. Calculate the remainder when p is divided by 7.
4
Suppose -2*u - 2*u = 5*m - 52, 4*u = -3*m + 36. Suppose -4*y + 0*y = 4*g - 140, 3*g = -4*y + 103. What is the remainder when g is divided by m?
5
Let y = 56 + -46. Suppose -5*i + 2*p + 3*p = -175, 0 = -5*p + y. What is the remainder when i is divided by 20?
17
Let p(y) = 17*y - 11. What is the remainder when p(5) is divided by 38?
36
Suppose 0 = u - 4*a + 12, -5*u = -